hat is the tens digit of w?
8
Let f(z) = 566*z + 21. Suppose -6 = -2*w + b - 0*b, -2*w + 2*b = -10. What is the tens digit of f(w)?
8
Suppose -u + 0*u = -87. Let n = 90 - u. Suppose 0 = n*h + 20 - 167. What is the tens digit of h?
4
Let t = -19671 - -41912. What is the tens digit of t?
4
Let x = -80614 + 128433. What is the tens digit of x?
1
Let v(u) = u**2 + 6*u. Let q be v(-5). Let y = 12 + q. Suppose -k + 3 = -y*r + 5*r, -k = -3*r. What is the units digit of k?
9
Let n(k) = k - 24. Let q be n(26). Suppose q*y = g + 1159, -2*y = -4*g - 4057 - 591. What is the tens digit of 54/135 + g/(-5)?
3
Let v be -10*(0 + 5/(-5)*133). Suppose 5*c - 870 = v. What is the tens digit of c?
4
What is the thousands digit of 9 - ((-13)/(-65) - (-187716)/(-5))?
7
Suppose -l - 23065 = -n, -2*n + 24312 = 5*l - 21818. What is the thousands digit of n?
3
Let n(j) = -7*j**2 - 8*j + 3. Let r(p) = p**2 + p + 1. Let x(k) = -n(k) - 6*r(k). Let a(d) = d**2 - 5*d - 9. Let c be a(7). What is the tens digit of x(c)?
2
Let c(v) = -v**2 - 28*v + 20. Suppose -b = -4, -16*h + 2*b + 42 = -21*h. What is the tens digit of c(h)?
0
Suppose -15*p + 281167 = -198168 - 33200. What is the units digit of p?
9
Let w(g) = g**3 + 6*g**2 + 3*g + 3. Let x be w(11). Let f = x - 1383. What is the tens digit of f?
1
Let r be (7/14)/(3/1026). Let b = r - -9. What is the tens digit of b?
8
What is the hundreds digit of 7/(-3) - (-8238664)/147?
0
Let o be -4 - (-10068)/21 - 6/14. Suppose 11*w - o = 16*w. What is the units digit of (-16)/(-10) - 38/w?
2
Let s = -55664 + 86560. What is the ten thousands digit of s?
3
Let f(c) = c**2 - c - 5. Suppose 3*p + y - 20 = -3*y, -2*p = -3*y + 15. Suppose 0*t - 4*t - 2*n - 24 = 0, p = t - 4*n + 6. What is the tens digit of f(t)?
3
Suppose -49*z - 288 = 3*d - 45*z, 3*z = 2*d + 175. Let g(o) = 5*o**3 + 4*o**2 - 2*o - 3. Let c be g(3). Let n = d + c. What is the units digit of n?
0
Let p = 218536 - 132684. What is the hundreds digit of p?
8
Suppose -40 = -9*o + 5. Suppose -c + 0 = q + 1, 2*q + o = -c. Let u(r) = 17*r**2 - 2. What is the hundreds digit of u(c)?
1
Suppose 0 = -3*t - 3, -2*b + 29*t - 30*t + 2401 = 0. Suppose -3*y = 4*u - b, 8*u - 2000 = -5*y + 3*u. What is the units digit of y?
9
Suppose 2*g + 4 + 4 = 0, 3*g = -2*w - 10. Suppose 1 - w = 10*l. What is the tens digit of 100 - (l/(-2) - -5)?
9
Let v = 23 + -17. Suppose 282 = 2*c + 4*w, 0 = -3*c + 5*w - v*w + 443. What is the hundreds digit of c?
1
Let d(w) = 26*w - 34. Suppose -o - 50 = -4*o - 2*t, 6 = -3*t. What is the hundreds digit of d(o)?
4
Suppose g = -4*f - 59, 192 = -4*g + 3*f + 51. Let t = -36 - g. Suppose -t = -s + 4. What is the units digit of s?
7
Suppose 2140 = 2*p + v - 1809, -3*v - 3945 = -2*p. Suppose -5*m = 2*b - p, 3*m + 4112 - 1109 = 3*b. What is the tens digit of b?
9
Let k(a) = 13*a**3 - 5*a**2 - 8*a - 601. Let h = 48 - 39. Let x(r) = -3*r**3 + r**2 + 2*r + 150. Let p(j) = h*x(j) + 2*k(j). What is the hundreds digit of p(0)?
1
Let b = 22254 - -3544. What is the ten thousands digit of b?
2
Let z(q) = -q**2 - 49*q + 217. Let j be z(4). Let r be ((-6)/(-9))/((-2)/(-6)). Suppose -w - i = -81, -r*w + 4*i - 245 = -j*w. What is the tens digit of w?
7
Suppose -b - b - 16 = 2*i, -5*i - 16 = -3*b. Let r be (-1)/(2/b - 11/(-66)). Suppose 0 = -5*a - 5, 4*g = -r*a + 44 + 10. What is the units digit of g?
4
Let u(z) be the second derivative of 17*z**4/4 + 5*z**3/3 - z**2 - 27*z. Let x be u(-5). Suppose -143 + x = 5*m. What is the hundreds digit of m?
2
Let n be (310/4)/((-90)/(-39420)). Suppose 13*s + 18*s = n. What is the hundreds digit of s?
0
Let i be ((-48)/(-40))/((-4)/(-10)). Suppose i*t = -w + 526, 2*w + 32*t = 33*t + 1024. What is the units digit of w?
4
Suppose 3*k - 4*m - 3517 = 0, -5*k - 2189 = 3*m - 8099. Let g = 1968 - k. What is the units digit of g?
9
Let r = 29547 + -22379. What is the units digit of r?
8
Suppose -132 = -5*p + 28. Suppose -k + p = 25. Suppose k*x + 5*n = 2*x + 35, -2*x + 3*n - 6 = 0. What is the units digit of x?
3
Let x(l) = 119*l**2 - 4*l - 7. Let j = -229 - -227. What is the hundreds digit of x(j)?
4
Suppose 0*i = -u - 4*i - 27, 4*u = 4*i - 48. Let t = u - -87. Suppose -3*b = -4*c + 303, -3*c - 3*b + t = -2*c. What is the tens digit of c?
7
Suppose 32*h = -5*t + 27*h + 130780, 0 = 5*h - 30. What is the hundreds digit of t?
1
Suppose b - 4*l = -90, 5*b - l + 374 = -0*l. Let s = b + 78. What is the units digit of (s/(-3) - -1)*-219?
3
Let l be ((-69870)/8)/17*-4. Suppose -3*f + l = 3*x, 3*f = -4*x + 8*x + 2027. What is the units digit of f?
1
Let s(n) = 2*n**3 + 19*n**2 - 5*n + 55. Let q be s(-10). Suppose 4*k - 18 = 2. Suppose -k*t + 80 = q*t. What is the units digit of t?
8
Let z(b) = b**3 + b**2 + 6*b - 3. Let f be z(4). Let h(t) = -268*t - 3142. Let g be h(-12). Let a = f - g. What is the units digit of a?
7
Suppose 3*q = -3*n + 21375, -9*n - 5*q + 28494 = -5*n. What is the tens digit of n?
3
Let v(d) = 21*d**2 + 3*d + 1. Suppose 4*n = l - 101, -7*n + 2*n = 4*l - 341. Let f = l + -92. What is the tens digit of v(f)?
8
Suppose 0 = -5*i - 3*s + 11383 + 3127, -5*s = 7*i - 20310. What is the tens digit of i?
0
Let t(y) = -y**2 - 11*y + 9. Let b be t(-11). Suppose -b*o + 14*o = 10. Suppose -p + 499 = 3*n, o*n + 3*p = 88 + 247. What is the hundreds digit of n?
1
Let h(s) = 2*s**3 - 5*s**2 - 6. Let r(j) = -j + 12. Let t be r(3). Suppose t*d = -0 + 45. What is the tens digit of h(d)?
1
Let z = -345 + 494. Suppose 2*o + o + z = h, 3*o + 596 = 4*h. What is the units digit of h?
9
Suppose 0 = 18*q - 30*q - 5724. Let o = -41 - q. What is the tens digit of o?
3
What is the hundreds digit of 106/(-159) + (-68282)/(-3)?
7
Suppose -49*t + 46*t + 32208 = 3*z, 42934 = 4*z - 6*t. What is the units digit of z?
5
Suppose -7*d + 3367 = 14. Suppose -44*m - d = -45*m. What is the hundreds digit of m?
4
Let x(u) = 12*u + 260. Let l be ((-6)/2 - 1) + 308/14. What is the units digit of x(l)?
6
Suppose 5*i - 27 = -12. Suppose 3 = i*t, s = -4*s - 3*t - 67. Let c(u) = -5*u - 16. What is the tens digit of c(s)?
5
Let s = 5089 - 3350. What is the units digit of s?
9
Let r be (-3 + 3)*((-25)/10)/5. Suppose -4*i - k - 2*k + 356 = r, -3*i = -4*k - 242. What is the tens digit of i?
8
What is the units digit of (11594309/501)/(1/3)?
7
Let n(x) = -x - 2. Let k(r) = -28*r - 38. Let a(p) = k(p) + n(p). What is the tens digit of a(-20)?
4
Let m = -8064 + 15589. What is the tens digit of m?
2
Let h be 10/225*-5 + 2/9. Suppose h = 2*x - 1230 - 22. What is the hundreds digit of x?
6
Let w = 1795 + 13. Suppose -c + w = 3*c. What is the tens digit of -3 + c/3 - 7/(-21)?
4
Let l = 390 + -389. Let q(v) = 953*v**2 + 19*v. What is the tens digit of q(l)?
7
Let n = -13253 - -21399. What is the hundreds digit of n?
1
Let i = 9265 + 18944. What is the thousands digit of i?
8
Let j = 399 + 2367. What is the thousands digit of j?
2
Let p = 32789 + -19366. What is the units digit of p?
3
Let s = -19 - -1. Let c be 8/36 + 2 + 40/s. Suppose g - 6*g + 485 = c. What is the tens digit of g?
9
What is the thousands digit of 1/(4/132400) - 13?
3
Let q(f) = 20*f - 142. Let m be q(20). Suppose 2*b = 2188 - m. What is the hundreds digit of b?
9
Suppose -4*j + 3*a = -a - 48, 3*j = a + 28. Suppose -5*v + j*l = 7*l - 1650, -5*l = -3*v + 968. What is the units digit of v?
1
Suppose 0 = -33*n - 92*n + 459875. What is the hundreds digit of n?
6
Suppose -j - 428 = -5*h, -3*j + 2*h - 1284 = 3*h. What is the units digit of (-1)/((-4)/24) - j?
4
What is the thousands digit of (3 + (-40)/14 - (-200196)/(-21))/(-1)?
9
What is the tens digit of 41/((11538/(-2745))/(7/(-5)) - 3)?
0
Let j be (30/(-4))/(-5*30/500). Suppose -4956 = -84*l + j*l. What is the units digit of l?
4
Suppose 47*l - 138804 = -37*l + 72*l. What is the hundreds digit of l?
5
Suppose -6*r = 6*r - 36. Suppose -6*d + 4*p = -11*d + 913, -r*d - p + 552 = 0. What is the tens digit of d?
8
Let u(v) = v**3 - 2*v**2 - 15*v + 1. Let w be u(5). What is the units digit of (33 - 3 - w)*5?
5
Let h = -48 + 51. Suppose 0 = -2*k - h*k + 1080. Suppose -k = 7*u - 11*u. What is the tens digit of u?
5
What is the hundreds digit of (26 + (-644710)/88)*(4*1)/(-1)?
2
Let d(a) = -a**3 - 6*a**2 - 7*a - 11. Let b be d(-5). Let q be (4 + 366/b)*1. What is the tens digit of q/(-6) - (-5 - (